11111 (base 3) in base 14?
-17691
What is -23213 (base 4) in base 5?
-10433
What is 1147 (base 8) in base 12?
433
Convert 210210 (base 3) to base 8.
1114
2b2 (base 14) to base 7
1412
212111021 (base 3) to base 13
7a44
-1201022 (base 3) to base 10
-1250
What is 1312 (base 8) in base 7?
2040
644 (base 15) to base 11
1076
262344 (base 7) to base 16
bef5
-204 (base 8) to base 11
-110
Convert 135135 (base 8) to base 10.
47709
Convert 13c3 (base 15) to base 11.
31a9
-10100001010000 (base 2) to base 7
-42042
What is 754 (base 11) in base 7?
2433
Convert -657 (base 8) to base 15.
-1db
16030 (base 7) to base 16
1180
1260 (base 15) to base 13
1a22
-14418 (base 10) to base 8
-34122
8177 (base 9) to base 13
2953
3863 (base 12) to base 9
8713
-3c24 (base 14) to base 6
-121052
Convert 15260 (base 7) to base 14.
17a0
What is -1019 (base 11) in base 4?
-111013
Convert 202022112 (base 3) to base 6.
152322
Convert 2452 (base 8) to base 10.
1322
Convert 13847 (base 10) to base 3.
200222212
16a71 (base 12) to base 14
bc69
-793 (base 16) to base 13
-b62
Convert 1bb85 (base 12) to base 13.
15b1b
What is -111100011100010 (base 2) in base 10?
-30946
Convert 72626 (base 9) to base 5.
3013040
14576 (base 12) to base 2
110111100101010
What is 101001010101001 (base 2) in base 7?
115460
Convert -1d4 (base 16) to base 14.
-256
2404 (base 7) to base 14
474
What is 547 (base 14) in base 4?
100103
-468c (base 13) to base 14
-3886
-40243 (base 6) to base 7
-21255
-3296 (base 14) to base 5
-240011
3135 (base 8) to base 14
845
Convert 360244 (base 7) to base 12.
31711
102032021 (base 4) to base 7
430406
What is 15423 (base 6) in base 3?
10110220
-21000100 (base 3) to base 10
-5112
What is -3b75 (base 12) in base 9?
-10358
Convert -2231 (base 7) to base 8.
-1446
13401 (base 5) to base 7
3132
Convert 2b47 (base 12) to base 14.
1bdd
Convert -10110101 (base 2) to base 5.
-1211
-17243 (base 11) to base 2
-101111010110111
Convert 221341 (base 5) to base 15.
244b
-22263 (base 8) to base 4
-2102303
-250 (base 14) to base 11
-390
What is 1584 (base 9) in base 6?
5334
What is -736 (base 9) in base 8?
-1130
Convert -37057 (base 9) to base 8.
-60406
743 (base 8) to base 9
586
Convert -36265 (base 7) to base 5.
-300111
What is 431 (base 8) in base 14?
161
-2194 (base 13) to base 16
-124c
-1201120012 (base 3) to base 15
-a0ce
What is -37928 (base 12) in base 11?
-51907
139 (base 11) to base 9
201
What is 13522 (base 6) in base 11?
1674
What is -54521 (base 6) in base 11?
-5732
What is -1552 (base 6) in base 9?
-525
What is 47466 (base 8) in base 4?
10330312
What is 10101000 (base 2) in base 7?
330
What is -112120 (base 3) in base 9?
-476
What is 105551 (base 6) in base 9?
13384
-3022330 (base 4) to base 13
-5bb1
-2131 (base 13) to base 2
-1000111111011
What is 228 (base 14) in base 15?
1d8
Convert -10a2 (base 11) to base 7.
-4131
-5525 (base 7) to base 2
-11110111011
Convert -592 (base 15) to base 10.
-1262
What is -6202 (base 11) in base 10?
-8230
108d (base 15) to base 8
6664
What is -97e1 (base 16) in base 12?
-1a601
-d39 (base 15) to base 4
-232203
What is d2 (base 14) in base 2?
10111000
32032 (base 6) to base 9
5852
What is 866 (base 9) in base 8?
1304
Convert 2 (base 15) to base 11.
2
Convert -112233 (base 5) to base 15.
-1313
127 (base 15) to base 12
19a
Convert 111101110 (base 2) to base 12.
352
Convert 256 (base 13) to base 7.
1123
-257 (base 8) to base 2
-10101111
-34a17 (base 11) to base 16
-c52b
What is -228 (base 11) in base 14?
-156
What is -21265 (base 7) in base 12?
-308a
-515 (base 6) to base 15
-cb
-11011 (base 2) to base 12
-23
What is 14dc (base 16) in base 9?
7283
What is -475 (base 11) in base 14?
-2c6
Convert 136d (base 14) to base 10.
3429
225 (base 15) to base 8
745
What is b1 (base 12) in base 13?
a3
Convert -11002000 (base 3) to base 16.
-b9a
What is -4601 (base 10) in base 3?
-20022102
What is -10001010011 (base 2) in base 4?
-101103
What is 2405 (base 15) in base 13?
363b
-204 (base 11) to base 15
-116
-7a3 (base 11) to base 3
-1022120
Convert 31333 (base 4) to base 11.
744
10463 (base 8) to base 13
2009
Convert 739 (base 13) to base 10.
1231
What is -4672 (base 16) in base 15?
-5524
Convert 812 (base 10) to base 9.
1102
-31 (base 10) to base 12
-27
Convert -210022 (base 3) to base 6.
-2355
What is -10100112 (base 3) in base 13?
-1160
Convert 5439 (base 11) to base 3.
100211222
What is 1082 (base 14) in base 7?
11222
What is -2451 (base 9) in base 13?
-aa8
What is -830 (base 10) in base 6?
-3502
Convert -4116 (base 8) to base 10.
-2126
-12432 (base 7) to base 11
-2536
What is -b0b (base 15) in base 16?
-9b6
200510 (base 7) to base 9
51408
22020 (base 3) to base 8
336
What is 38488 (base 9) in base 13?
ba4a
-131 (base 14) to base 15
-10e
-118416 (base 9) to base 12
-35659
Convert e51 (base 16) to base 5.
104130
100101101 (base 2) to base 15
151
Convert 34a (base 12) to base 11.
406
What is 21230 (base 8) in base 6?
105000
Convert 2341 (base 16) to base 2.
10001101000001
Convert 25407 (base 8) to base 15.
33e5
1110021 (base 3) to base 5
13220
What is -461 (base 10) in base 6?
-2045
What is 25044 (base 7) in base 16?
1995
22 (base 11) to base 14
1a
What is -10060 (base 7) in base 4?
-212023
Convert 2100100 (base 3) to base 15.
790
What is 4420 (base 5) in base 14?
318
What is -523 (base 12) in base 15?
-34c
What is 1a5 (base 16) in base 6?
1541
4061 (base 9) to base 14
1123
What is -550 (base 10) in base 14?
-2b4
-121222 (base 3) to base 15
-208
Convert 25 (base 12) to base 6.
45
What is 11110132 (base 4) in base 5?
1144130
Convert 7125 (base 14) to base 5.
1110222
-20111111 (base 3) to base 14
-1a26
Convert -2154 (base 6) to base 2.
-111110110
131531 (base 6) to base 15
38a4
Convert -111000110 (base 2) to base 9.
-554
Convert 220 (base 12) to base 9.
376
What is -126 (base 8) in base 7?
-152
Convert 507 (base 13) to base 3.
1011120
-10110001101 (base 2) to base 3
-1221122
a9 (base 11) to base 15
7e
What is -10101101101110 (base 2) in base 4?
-2231232
Convert -6173 (base 8) to base 10.
-3195
Convert -18774 (base 10) to base 16.
-4956
What is -13047 (base 12) in base 4?
-12111313
What is -1965 (base 11) in base 4?
-212323
446 (base 16) to base 12
772
148 (base 14) to base 6
1112
What is 21530 (base 6) in base 4?
232332
Convert 1151 (base 6) to base 7.
553
-101110110110000 (base 2) to base 4
-11312300
Convert 1c198 (base 13) to base 5.
3231334
Convert -2020221 (base 3) to base 12.
-b51
Convert 50153 (base 6) to base 2.
1100110010101
What is 239 (base 12) in base 11?
283
Convert -37601 (base 8) to base 15.
-4c3c
What is -63645 (base 7) in base 15?
-4a0c
db3 (base 16) to base 15
108c
Convert -2497 (base 14) to base 16.
-1905
What is 1100010000 (base 2) in base 5?
11114
-2d31 (base 14) to base 5
-224304
Convert -12 (base 14) to base 13.
-13
-1511 (base 6) to base 3
-112221
Convert -142114 (base 7) to base 12.
-13871
Convert -13773 (base 10) to base 11.
-a391
What is 566c (base 14) in base 5?
434432
What is -905 (base 12) in base 2?
-10100010101
Convert -110111100 (base 2) to base 5.
-3234
4c1b (base 16) to base 8
46033
-6782 (base 9) to base 6
-35115
What is -1011000101 (base 2) in base 6?
-3141
Convert -2d92 (base 14) to base 15.
-2644
Convert 1706 (base 8) to base 12.
686
Convert 100011021 (base 3) to base 16.
1a14
Convert 12838 (base 14) to base 10.
45522
Convert -269 (base 11) to base 16.
-13d
-92b (base 14) to base 15
-803
1231000 (base 5) to base 16
5d43
What is 17105 (base 8) in base 2?
1111001000101
Convert 1450 (base 6) to base 3.
112110
Convert -638 (base 13) to base 2.
-10000100101
-4214 (base 6) to base 15
-431
-2648 (base 14) to base 3
-100020012
Convert 52 (base 15) to base 11.
70
What is 4683 (base 9) in base 7?
13065
Convert 8a1a (base 12) to base 13.
6c5b
-1241403 (base 5) to base 16
-601b
Convert 103 (base 6) to base 15.
29
Convert -120211 (base 4) to base 10.
-1573
What is -221 (base 13) in base 9?
-445
Convert 562b (base 15) to base 3.
221001112
Convert -532 (base 7) to base 9.
-327
What is 10220320 (base 4) in base 3?
222001201
What is 27e (base 15) in base 10?
569
What is 53ac (base 13) in base 4?
2311302
What is 44413 (base 7) in base 16?
2bae
-2653 (base 7) to base 5
-13033
What is a0 (base 11) in base 15?
75
846 (base 14) to base 2
110010111